Let j = d - 40. Let x(r) = -r**2 - 8*r - 4. Calculate the remainder when j is divided by x(-3).
9
Let a(z) = 4*z - 6. What is the remainder when 26 is divided by a(5)?
12
Let z(c) = 3 - 2 + c - 2. Let k be z(4). Suppose -k - 13 = -s + 2*o, -5*s = -o - 71. What is the remainder when 26 is divided by s?
12
Let l = 32 + 5. What is the remainder when l is divided by 19?
18
Let j(u) = 7*u**2. Suppose 0 = 3*h - 3 - 0. Calculate the remainder when 20 is divided by j(h).
6
Let n = 41 - 30. Calculate the remainder when 42 is divided by n.
9
Suppose -1 - 14 = -l. What is the remainder when 58 is divided by l?
13
Suppose -3*o = 33 + 78. What is the remainder when 8 is divided by (-6)/(-39) - o/13?
2
Calculate the remainder when ((-1)/(-2))/(2/52) is divided by 4.
1
Suppose -4*i = -0*i + 8. Let u(n) = 13*n**2 + n - 1. Calculate the remainder when u(i) is divided by 17.
15
What is the remainder when (-9)/6*-2 + 158 is divided by 18?
17
Let h be (2 - 5)*(-62)/6. Let x(z) = 17*z**3 - z**2 - z - 1. Let i be x(-1). Let m = i + h. Calculate the remainder when m is divided by 8.
5
Let m(z) = z**2 - 11*z - 7. Suppose -d = -4*f - 3 - 17, 4*d = 5*f + 58. What is the remainder when 9 is divided by m(d)?
4
Let y = 51 - 28. Calculate the remainder when 89 is divided by y.
20
Suppose 0*p = 3*p + 3, -4*p = -3*x + 34. Suppose 2*k - 6 = x. What is the remainder when 13 is divided by k?
5
Let r be -3*(-3 - 7/(-3)). Suppose -c + 2*o = 3*o - 16, -8 = -r*c + 4*o. Calculate the remainder when 20 is divided by c.
8
Calculate the remainder when 20 is divided by (-85)/(-10) + 2/(-4).
4
Let g(v) = 2*v - 2. Suppose -2*a + 3 + 27 = 0. Calculate the remainder when a is divided by g(5).
7
Let v(i) = -1 + 2 + 1 - 1 + 39*i**2. Calculate the remainder when v(1) is divided by 14.
12
Let j(l) = 7*l - 5. Let t = 3 + 5. Calculate the remainder when j(t) is divided by 13.
12
Let h be 30/4*(-36)/(-15). Let o = h - 2. Calculate the remainder when 62 is divided by o.
14
Suppose -4*g - w = -40, -5*w = -0*g - 2*g - 2. Let z = -6 + g. What is the remainder when 36/(-21)*(-14)/4 is divided by z?
0
Let q = 66 - 49. What is the remainder when q is divided by 3?
2
Suppose 0 = -2*w - 5*k + 51, 0 = -5*w + k - 0*k + 87. Calculate the remainder when 70/(2 - 1)*11/22 is divided by w.
17
Let q = -1 - -1. Suppose z + 4 = q, 0 = -0*p - 5*p + z - 1. What is the remainder when -20*((-21)/15 - p) is divided by 3?
2
Suppose -4*b + 12 = -b. Suppose 4*x - 28 = b*w, -4*w - 4 = -x + 9. What is the remainder when x is divided by 3?
2
Suppose -1 = -3*r - 6*o + 2*o, -5*r + 4*o = -23. Suppose 0*b - b + r = 0. What is the remainder when b is divided by 1?
0
Let q be 2 - (2 - (28 + 1)). Suppose -q = -h + 28. Let v = h - 13. What is the remainder when v is divided by 15?
14
Suppose -2*j + 21 = -41. What is the remainder when j is divided by 17?
14
Suppose -4*f + 17 + 127 = 4*u, 5*u - 2*f = 187. What is the remainder when 67 is divided by u?
30
Suppose 0 = -t + 4*t + 6. Let g be (t/4)/(2/(-52)). Suppose z = 2*z - n - g, -2*n = 0. What is the remainder when z is divided by 7?
6
Let j = -29 - -31. What is the remainder when 7 is divided by j?
1
Let q(n) = 3*n**2 + 14*n. Let s be q(-10). Suppose 2*y + 56 = u + 10, 5*u + 5*y = 185. Calculate the remainder when u is divided by 4/6 - s/(-12).
12
Let u = -1 - -3. Let i = 8 + -4. Calculate the remainder when i is divided by u.
0
Suppose -5*o = 4*x - 106, -o - 114 = -5*x + 2*o. Calculate the remainder when 95 is divided by x.
23
Let l be (-74)/(-9) + 6/(-27). Suppose l = -2*r - 2*r. Let f = 4 + r. What is the remainder when 3 is divided by f?
1
Suppose -2*d + 3*d - 18 = 0. What is the remainder when 65 is divided by d?
11
Let z(l) = 18*l**2 + l + 1. Let a = 1 - 2. Let k(g) = g**3 - 10*g**2 - 6*g - 21. Calculate the remainder when k(11) is divided by z(a).
16
Let y(g) be the first derivative of -g**2/2 - g + 1. Calculate the remainder when 20/6 + 1/(-3) is divided by y(-3).
1
Let j(f) = f**2 - 3*f - 9. What is the remainder when 17 is divided by j(6)?
8
Let t(x) = 18*x**3 + x**2 - 2*x + 1. What is the remainder when 35 is divided by t(1)?
17
Suppose -4*g + 4*v = -8, -3*g + 2*v + 5 = -3. Suppose -g*a - 54 = -5*j, 2*a = -5*j + 6 + 42. Calculate the remainder when 37 is divided by j.
7
Let b = 57 + -30. Calculate the remainder when 105 is divided by b.
24
Let s = 3 - 0. Let b = s + -2. Calculate the remainder when b is divided by 1.
0
Let r be (16/(-10))/(4/(-20)). Let f be (-45)/2*r/(-10). Suppose -h = h - f. What is the remainder when 26 is divided by h?
8
Suppose 0 = -3*n + 2*s + 8, 4*s - 44 + 6 = -3*n. Let k = n - -8. Calculate the remainder when 41 is divided by k.
13
Let s(w) = w**3 - 3*w**2 - 2*w - 3. Let r be s(-6). Calculate the remainder when (-6)/(-5)*r/(-18) is divided by 6.
3
Suppose 2*b - 69 = 5*n, 5*b - b - n - 129 = 0. Suppose -4*j = 2*c - 42, 3*j - c + 2*c = b. Calculate the remainder when j is divided by 4.
3
Let w(f) = 2*f**2 + 5*f + 2. Let z be w(-3). Suppose -l - 3*l = -z*d + 97, 2*d + l - 44 = 0. Let x = d - 7. Calculate the remainder when 41 is divided by x.
13
Suppose 0 = -w - 0 + 2. Suppose -64 = -w*h + 2*p, -4*p + 94 = 3*h + 12. What is the remainder when 57 is divided by h?
27
Suppose 0 = -4*d + 13 + 83. Suppose 31 = 5*y - 5*h + 3*h, 4*y - d = 2*h. What is the remainder when y is divided by 4?
3
Let b(t) = 4*t - 5. Let s(w) = -w**2 - 8*w - 4. Let p be s(-7). Calculate the remainder when b(p) is divided by 2.
1
Let z(a) = 2*a - 10. Let i(n) = n**3 + 12*n**2 - n - 4. Let v be i(-12). Calculate the remainder when 11 is divided by z(v).
5
Let g(h) be the first derivative of -h**2 - 3*h - 2. Let x be g(-7). Let b = x - 5. What is the remainder when 16 is divided by b?
4
Let x(t) = -t**2 - t + 93. Calculate the remainder when x(0) is divided by (-15 - -17)/(2/32).
29
Suppose 46 = 2*y - y. Let j(f) = -f**2 - 12*f - 3. Let p be j(-6). Let k = y - p. Calculate the remainder when 51 is divided by k.
12
Suppose 0*m = 6*m + 78. Calculate the remainder when 23 is divided by (m/2)/(10/(-20)).
10
Suppose -126 = -5*f - 41. Calculate the remainder when 31 is divided by f.
14
Let s = 18 - -2. What is the remainder when s is divided by 12?
8
Suppose 4*d = 4*m + 12, -2*d - 2*m + 27 = 3*m. Calculate the remainder when (0 + 2)*(-34)/(-4) is divided by d.
5
Let z(u) = -15*u**3 + u**2 - u - 1. What is the remainder when 30 is divided by z(-1)?
14
Let j = 3 - 3. Suppose j = f + 2. Calculate the remainder when 19 is divided by (6 - (-3 - f))/1.
5
Let b = -68 + 82. Calculate the remainder when 36 is divided by b.
8
Let h(c) = -c**2 - 2*c + 3. Let s = 5 + -9. Let b be h(s). Calculate the remainder when 19 is divided by 2/b + (-222)/(-30).
5
Suppose 5*l - 75 = 385. What is the remainder when l is divided by 31?
30
Let d(b) = b**3 - 15*b**2 + 15*b - 4. Calculate the remainder when d(14) is divided by 8.
2
Let h(l) = -6*l**2 - 1. Let u be h(-1). Let r = u - -3. Let b = 9 - r. Calculate the remainder when b is divided by 7.
6
Suppose -20 = 4*a - 9*a. Let k be (a/(-10))/((-5)/(-25)). Let y(s) = -s**3 + s**2 - s + 1. Calculate the remainder when 44 is divided by y(k).
14
Let s be 0 + 1 + -1 + 8. Let d = s - 5. Suppose 3*u = -u + d*r + 60, 78 = 5*u - 3*r. Calculate the remainder when 34 is divided by u.
16
Suppose 2*j + l - 9 = -4, -5*j = -5*l + 10. Let o be 5*(-2)/(-4)*2. Suppose -4*q - 2 = -o*q. What is the remainder when q is divided by j?
0
Suppose -5*h = -16 - 264. What is the remainder when h is divided by 19?
18
Let y(x) = -x**2 - 6*x - 6. Let n be y(-5). Suppose -4*a = -a. What is the remainder when 22 is divided by (n - 7)/(-1) - a?
6
Let h = -41 + 65. What is the remainder when 6 is divided by 20/6*36/h?
1
Let l be (23 + 1)*(-4)/3. Let k be (0 - -61)*1/1. Let u = k + l. Calculate the remainder when u is divided by 10.
9
Let t(u) = -20*u - 4. Let c be t(-3). Suppose -3*n - 45 = p - 0*p, 3*n - 3*p + 33 = 0. Let y = n + c. Calculate the remainder when y is divided by 15.
12
Let w = -88 + 105. Suppose -2*f - 14 = -3*q + q, -f = -4*q + 19. Calculate the remainder when w is divided by (-1)/q + 74/8.
8
Suppose -6 = -2*z, h = 6*h + 4*z - 207. Suppose 5*l - 13 = 2*n - 4*n, 0 = -5*n - 2*l + 64. Calculate the remainder when h is divided by n.
11
Let t = -6 - -10. Suppose -5*a - t*c = -100, a 